3 = -5*w - 5, 0 = -4*w - 8. Let z(y) = y + y + u + 0*y. What is z(a)?
-2
Let v(l) = l**3 + 6*l**2 + 2*l + 8. Suppose 0 = 7*q - 3*q. Suppose q*j - 30 = 5*j. Give v(j).
-4
Let k(o) = -o**3 + 5*o**2 + 2. Let j be k(5). Suppose j = -3*i + 14. Let q(b) = -b + 5. Determine q(i).
1
Let m(h) be the second derivative of -h**4/4 + h**3/3 + h**2/2 + 3*h. Suppose -2*f = -17 - 5. Suppose -2*o = g + f, g - 21 = 2*g + 4*o. Calculate m(g).
-4
Let g(o) = -o**2 + o - 1. Let f(n) = n. Let m be f(0). What is g(m)?
-1
Let b(y) = -y**2 + 5*y - 1. Let w(l) = l**3 + 2*l**2 - 3*l + 4. Suppose -5*h = 6 + 9. Let j be w(h). What is b(j)?
3
Suppose 0 = 2*m - 8, z - 4*m = -9*m + 25. Let a(q) = 20*q + 6. Let v(h) = 11*h + 3. Let l(t) = -6*a(t) + 11*v(t). Determine l(z).
2
Let s(c) = -6*c**2 - 8*c + 1. Let d(u) = u**2 + u. Let h(r) = -5*d(r) - s(r). Give h(-3).
-1
Let l(y) = -2*y**2 - 4*y - 2. Let c be (-36)/(-10) + 6/(-10). Let v = c - 5. What is l(v)?
-2
Let q(t) = 3*t**3 + 3*t**2 - 3. Let f(h) = h**3 - h**2 - h - 1. Let r(g) = -2*g**2 + g. Let k be r(1). Let u(l) = k*f(l) + q(l). Calculate u(-2).
-4
Suppose 5*v = n + 17, 2*n = 2*v - 3*n - 16. Let p(w) = w + 1 + 4 - 2. Determine p(v).
6
Let k(c) be the first derivative of -5/2*c**2 + 11 - c. Suppose -3*j - 2*j = 5. Calculate k(j).
4
Let w(g) = -19*g + 10*g + 8*g - 5 + 4. Calculate w(5).
-6
Let v(m) = -2*m - 3. Let y(b) = -25*b - 40. Let l(w) = -w + 8. Let a be l(5). Let n(s) = a*y(s) - 40*v(s). Calculate n(-1).
-5
Let t(h) = h**3 - 6*h**2 - 3*h + 8. Let i be t(6). Let m = -10 - i. Let j(c) = c - 5. Give j(m).
-5
Let o(z) = z. Let w = -37 - -34. Give o(w).
-3
Let x(w) = 7*w + 3. Let j(n) = 6*n + 3. Let f(t) = 6*j(t) - 5*x(t). What is f(-4)?
-1
Let s(q) be the second derivative of q**5/120 - q**3/6 - q. Let t(l) be the second derivative of s(l). Calculate t(-5).
-5
Let i(s) be the third derivative of s**6/120 - s**5/15 - s**4/24 + 5*s**3/6 - s**2 + 31*s. Determine i(5).
25
Let w(i) be the first derivative of i**2 + 7*i - 25. What is w(-6)?
-5
Let d(j) = j - j**2 + 1 - 6 + 0*j**2 + 2. What is d(3)?
-9
Let z be (-3)/(3*(-1)/1). Let o(r) = 3*r - 1. What is o(z)?
2
Let p(u) = u**3 + 3*u**2 - 4*u + 10. Let h(v) = 2*v**3 + 7*v**2 - 8*v + 19. Let x(c) = 3*h(c) - 5*p(c). What is x(-7)?
-14
Let t(g) = g**2 - 4*g + 2. Let r = -2 - 5. Let a be 2 + (0 - -2) + 6. Let n = r + a. What is t(n)?
-1
Suppose 19*p + 16 = 17*p. Let s be (-8)/14*28/p. Let h(b) = 2*b**3 - b**2 - b - 1. Determine h(s).
9
Let g(n) = n - 9. Let j be g(11). Let b(s) = -4 + 2*s + 4*s**3 + 0*s - 5*s**3 + 72*s**j - 69*s**2. Give b(3).
2
Let c(x) = 9*x + 1. Let u(r) = -2*r + 13. Let f be u(6). Calculate c(f).
10
Let v(f) = f**3 + 3*f**2 + f + 1. Let w be (1 + 8)/((-6)/4). Let i be (-8)/w*12/(-8). Let q be v(i). Let l(c) = c - 1. Determine l(q).
2
Let s(l) be the first derivative of 1/4*l**4 + 6 - 3*l**2 + 5*l + 5/3*l**3. Calculate s(-6).
5
Let o(v) = -17*v**2 + 6*v - 7. Let b(j) = -16*j**2 + 5*j - 6. Let r be (11 - 2) + 0 + -3. Let q(g) = r*b(g) - 5*o(g). Determine q(-1).
-12
Let q = 0 + 1. Let c(l) = l + 2 - 2*l + q. What is c(5)?
-2
Let d(o) = -3*o**2 + 5*o + 1. Let b(x) = 2*x**2 - 2*x. Suppose -4*t - 3*i = -i + 28, 0 = -i - 4. Let a(z) = t*b(z) - 3*d(z). Give a(-4).
1
Suppose 1 - 5 = j. Let h(d) = -2*d - 6. Let w be h(j). Let n(i) = -i**3 + 2*i**2 + 2*i - 3. Give n(w).
1
Let l(v) = v**2 + v - 9. Let d(h) = h. Let b be d(0). Determine l(b).
-9
Let x(n) = 4*n**2 - 2*n. Let y(i) = 5*i**2 - 2*i - 1. Let j(m) = -4*x(m) + 3*y(m). What is j(2)?
-3
Let t(q) be the third derivative of -q**5/60 + q**4/8 + 2*q**3/3 - 2*q**2. Let d be 11/4 + (-3)/(-12). Calculate t(d).
4
Let u(b) be the third derivative of -b**9/60480 - b**8/4032 - b**7/1680 + b**6/144 - b**5/6 + 7*b**2. Let z(l) be the third derivative of u(l). Give z(-4).
1
Let s(p) = 2*p + 5. Suppose -y + 9 = 2*y. Suppose -6 = -y*w - 21. Give s(w).
-5
Let i(w) be the first derivative of -w**2/2 - w + 7. Let b be 24/10 - 9/(-15). Suppose b*y = 3*q + 15 + 3, -4*q = 3*y - 11. Give i(y).
-6
Let y(k) = -k**2 - 8*k - 6. Let z = -4 - -4. Suppose 0 = -z*w + 4*w + 24. Calculate y(w).
6
Let o(t) be the third derivative of 0*t + 0 + t**2 - 1/24*t**4 - 1/2*t**3. Give o(-3).
0
Let a(z) = z**3 + z**2 + z - 5. Suppose -5*q + 0*q = 0. Calculate a(q).
-5
Let s be 16/3 + 8/12. Suppose -5*g + 15 = 3*v, 3*g - 2*v = 15 - s. Let z(p) = -p - g - 1 - 3. Calculate z(0).
-7
Let d(i) = i + 1. Let y be ((-3)/(-2))/(2/4). Let m = y - 9. Give d(m).
-5
Let r(c) = c**3 - 5*c**2 + 3. Suppose b = 2*b - 4. Let f be (-1 - (-10)/b)*2. Let q(u) = -u**3 + 5*u**2 - u - 2. Let z(s) = f*r(s) + 2*q(s). Calculate z(5).
-5
Let f(y) = y - 2. Suppose 0 = 4*h + 3*p - 38, 4*h - 4*p - 10 = 14. Let l be (h/6)/((-6)/(-9)). What is f(l)?
0
Let l = 2 + 0. Suppose -n = -l + 1. Let a(y) = -y + 1. Determine a(n).
0
Let b(o) = o**3 + 8*o**2 + 7*o + 7. Suppose 2*y - 15 = h, h - 5*h - 12 = 4*y. Determine b(h).
7
Let r be 5 - (3 + -1 + 4 + -3). Let k(j) = 5*j**2 - 2*j - 2. Give k(r).
14
Suppose -1 + 10 = 3*n. Suppose 0 = -n*y - 2 - 4. Let s(k) = -k**2 + k**3 - 2 - 2*k + 0 + 0. What is s(y)?
-10
Let b(f) = f**2 + f + 5. Let k be b(0). Suppose 2*z + 3 = 5*w - 8, -3*w - 3*z = 6. Let t(n) = -2 - w + n + 1. Give t(k).
3
Let r be (2 + (-3)/2)/((-31)/248). Let s(y) = -y**3 - 4*y**2 + 2. Determine s(r).
2
Suppose -z + 5*z - 32 = 0. Suppose 6*f - 2*f + z = 0. Let w(j) = j**3 + 2*j**2 - 2*j - 1. Determine w(f).
3
Let a(p) = p**2 - 9*p - 5. Suppose 5*c + 3 = 38. Give a(c).
-19
Let x(y) = 5*y**2 + y**3 + 1 - 8 + 0*y - 2*y. Suppose 0*t = 3*t. Suppose t = -5*d + 4 - 29. Calculate x(d).
3
Suppose 0*v - 2*v = 0. Let a(f) = -3 - 6*f - 2 + 2 + 5*f. Give a(v).
-3
Let w be 6*(-8)/(-18)*6. Let r(s) = -w + 16 - 3*s. What is r(1)?
-3
Let x(y) = -3*y**3 + y. Let o = -14 + 23. Suppose 2*m + 9 = 1, n + o = -2*m. What is x(n)?
2
Let l(z) = z**3 + z**2 + z - 1. Let a = -13 - -19. Let v(x) = -5*x**3 + 2*x**2 + x + 7. Let h(p) = a*l(p) + v(p). Determine h(-7).
1
Suppose t + t = 0. Let b(p) = p**3 + p + 5. Let s be b(t). Let h(g) = -g**2 + 3*g + 3. Calculate h(s).
-7
Let o be 0/(6 - (-2 + 5)). Let d(v) = o + 5*v - 2 + 3 - v**2. Calculate d(3).
7
Let v(c) = 1 + 0*c - 7*c + 0 - 7*c. Determine v(-1).
15
Let p(j) be the second derivative of -j**3/6 - 2*j**2 + 2*j. Determine p(-2).
-2
Let w(f) = -f**3 - 5*f**2 - 3*f + 3. Let z be 1 - 4 - (-1 + 2). Determine w(z).
-1
Let k(x) = x + 4. Let l be k(-4). Let h(j) = -5*j**3 - j**3 - 1 + l + 2*j + 3*j**3 - 2*j**2. Calculate h(1).
-4
Let f(s) be the second derivative of -s**3/6 - 2*s**2 - 8*s. Give f(-5).
1
Let s(g) = -5*g**3 - 2*g**2 - g. Let k be s(-1). Let q(p) = -4*p - p**2 - p + 5*p - 3 + k*p. What is q(4)?
-3
Let z(k) = -2 - k + 1 + k**3 - k. Let h(q) = -q. Let c = 5 + -3. Let p be h(c). Calculate z(p).
-5
Let r(u) be the third derivative of 0*u**5 - 1/60*u**6 + 0 + 0*u - 1/24*u**4 + 0*u**3 - 8*u**2. Calculate r(-1).
3
Let z(q) = 2*q**3 - q**2 + q. Suppose 4*b + 4 = -4*t, -1 = b + 1. Give z(t).
2
Let k(r) = 1 - 22*r + 15*r + 8*r. Let y = 6 - 14. Let o = 2 + y. What is k(o)?
-5
Let y(z) = -z**2 + z + 3. Let r be y(3). Let s(m) = 19 - 17 + m + 0*m. Give s(r).
-1
Let g(q) = q**3 + q**2 - q + 6. Let h(f) = 0 + 0 - 2 + f. Let t be h(4). Let v = t - 2. Calculate g(v).
6
Let i(v) = v - 3. Let y be i(4). Let s(l) = l**3 - 1 + l + 0*l**2 + l**2 + 3*l**3. Give s(y).
5
Let w(h) = -h**2 - 4*h + 1. Suppose d + 5*l - 42 = 0, 4*l = 5*d + 7*l - 100. Let a = 12 + -9. Suppose -v + d = -a*g, -4*g + 6*v = v + 30. Give w(g).
-4
Let g(x) = x**3 - x**2 + x. Let d(j) = j**3 + 10*j**2 + 9*j + 2. Let a = -2 + 4. Suppose -2*p - 17 = p + 5*r, a*p + 3*r = -12. Let i be d(p). What is g(i)?
6
Let n(f) = -f**2 - 7*f - 9. Let l(x) = -x + 13. Let c(o) = 2*o - 13. Let s(g) = 2*c(g) + 3*l(g). Let q be s(-7). Let h be (-3 - -2)/1*q. Give n(h).
-3
Let p(v) = v**3 + 4*v**2 + 3*v + 4. Let m(x) = -x**2 - x - 1. Let y(a) = 5*m(a) + p(a). Give y(-1).
-1
Let k(q) = q**3 + 7*q**2 + 7*q + 2. Suppose -u + 4*w + 9 = -1, -4*w - 4 = -2*u. Give k(u).
-4
Let k(g) = -g**3 - 7*g**2 - 5*g + 8. Let x be 6*2*(-4)/8. Give k(x).
2
Suppose -9 = 4*h + 5*x, -2*x = h + x + 11. Let b = -8 + h. Let u(c) = -c - 5. Determine u(b).
-1
Let b(q) be the second derivative of q**7/2520 - q**6/144 + q**5/60 + 7*q**4/12 - 2*q. Let u(h) be the 